n divisor of t and w.
7
Let p(d) = -22*d + 224. Let w be p(-23). What is the greatest common factor of w and 20?
10
Suppose -17 = -n - 4*k + 25, k - 4 = 0. Suppose 1996*f = 2005*f - 2574. What is the greatest common factor of n and f?
26
Let r = 1746 + -1730. What is the highest common divisor of r and 3152?
16
Suppose -4*v + 151 + 13 = q, 5*v = -25. Calculate the highest common factor of 414 and q.
46
Suppose 3*c - 41 = -5*w + 64, -4*c + w = -163. What is the greatest common factor of 30 and c?
10
Let q(l) = l**2 - l + 18. Let w be q(6). Suppose 4*n = 8*n - w. Calculate the highest common factor of n and 60.
12
Let b be 15/(-5)*1 - (2 - 11). Calculate the greatest common divisor of 2 and b.
2
Suppose 25*o = 9*o + 1440. Calculate the highest common divisor of o and 18.
18
Suppose y - 9*o + 4*o = 195, 430 = 2*y - 2*o. Calculate the highest common divisor of 44 and y.
44
Let j(l) = l**2 - 15*l - 24. Let f = -16 - -36. Let z be j(f). Calculate the greatest common divisor of 19 and z.
19
Suppose 45 = 3*t - 2*t. Let x(h) = -10*h - 1. Let a be x(-1). Calculate the greatest common divisor of a and t.
9
Let t = 879 + -856. What is the greatest common divisor of 1771 and t?
23
Let n be (0 - -15)*1/(-6)*-112. Calculate the greatest common divisor of n and 80.
40
Let m = 40 + -4. Let f = m - 14. Calculate the greatest common factor of 198 and f.
22
Let z be (666/54 - 11)/(2/48). Suppose -3*s - 17 = -2*t, -3*t + 4*s + 23 = -s. Suppose -4*i + 2*i = -t. Calculate the greatest common divisor of i and z.
8
Suppose -z + y + 117 = 0, -367 = 2*z - 5*z - y. Let g = z + -37. Calculate the greatest common divisor of 28 and g.
28
Suppose 3*a + 482 = -4*r + 5*r, -4*a = 8. What is the highest common factor of 4 and r?
4
Suppose 0 = -3*j - 0*j. Let p be j/((9/3)/(-3)). Suppose -5*y + u + 63 = p, u + 18 = 2*y + 3*u. Calculate the highest common divisor of y and 6.
6
Let i = 1106 + -1086. What is the highest common factor of 640 and i?
20
Let m be (2 + 1)*3 + -1. Let z(c) = -c**3 - c**2 - 5*c - 6. Let r be z(-2). Calculate the greatest common divisor of r and m.
8
Suppose -17*x + 6 = -15*x. Suppose 4*o - 4*w + 18 - 86 = 0, 2*w = x*o - 50. What is the greatest common divisor of o and 80?
16
Let a = -17 + 31. Let p = 211 - 1. Let j be 90/(-50)*p/(-9). What is the highest common divisor of a and j?
14
Let m(l) = l**3 + 8*l**2 - 4*l - 26. Let f be m(-8). What is the highest common factor of f and 6?
6
Let t(l) = -l**2 + 2*l + 2. Let u be t(0). Let b = 8 + -10. Let q be ((-51)/(-6) - b)*u. Calculate the highest common factor of 3 and q.
3
Suppose -8 - 8 = -4*c. Suppose 6*d = -11*d + 387 + 89. Calculate the highest common divisor of d and c.
4
Let m(t) = -12*t**3 - 8*t**2 - 13*t + 9. Let i be m(-2). Calculate the greatest common factor of i and 99.
99
Suppose -x + 5*u + 385 = 0, -4*x + 4*u + 1612 = 2*u. What is the highest common factor of 45 and x?
45
Let j be (226 + -221)/((-2)/(-38)). What is the highest common divisor of 342 and j?
19
Suppose -70 = -3*y - 4*y. Suppose -y*k + 455 = -5*k. What is the highest common divisor of k and 13?
13
Let a be (-314)/(6/(-15) - 0). Suppose -a = -4*h + 27. Let g be 18*7/(-14) - -38. Calculate the highest common factor of g and h.
29
Let m be (-4)/22 + 14274/99. Let c(l) be the second derivative of 4*l**3/3 - l. Let q be c(2). What is the greatest common divisor of m and q?
16
Let o be ((-36)/(-15))/(6/20). Suppose -o*x = -3*x + 90. Let i = x + 27. What is the greatest common divisor of 36 and i?
9
Suppose o - 5 = -0*o - v, -2*o = -4*v + 14. Let i be (1 + o)/((-10)/20). Let t = 21 - i. What is the greatest common factor of 75 and t?
25
Suppose 11*h + 376 - 2323 = 0. Let a = h - 101. What is the greatest common divisor of a and 19?
19
Let f be (-189)/15*(-48 + 18). Calculate the greatest common divisor of 108 and f.
54
Let u = 50 - -85. Let r = 22 + 0. Suppose -49 = -j - r. What is the highest common factor of j and u?
27
Let w(s) = s**2 + 24*s - 8. Let r be w(-14). Let u = -27 - r. Suppose 3*o - 2*p = 29, -p = -3*o - 2*p + 35. Calculate the highest common factor of u and o.
11
Let r(d) = -d + 22. Let j be r(9). Let n(q) = -16*q + 8 + 8 + 2*q**2 - 3. Let y be n(13). What is the highest common divisor of y and j?
13
Let h be ((-225)/(-20))/15*864. What is the highest common divisor of h and 243?
81
Let q(u) = 3*u - 13. Let d be q(-9). Let c be ((-48)/d)/((-394)/200 + 2). Calculate the greatest common factor of c and 40.
40
Suppose -2*l = 5*t - 70, -t = 2*t + 4*l - 56. Suppose -256*b + 257*b - 60 = 0. Calculate the greatest common divisor of b and t.
12
Let c = -960 - -986. What is the highest common divisor of 32 and c?
2
Suppose 1 = -3*a - 2*c, 15 = -2*c + 5. Suppose -a*k + 0*k = -33. What is the highest common divisor of 22 and k?
11
Let u = 1220 - 1163. What is the greatest common factor of u and 874?
19
Suppose 0 = -4*v + 4*b + 440, -2*b = v + 4*v - 564. Suppose 5*t + 16 = d, -2*d + 17 = 4*t - 15. Calculate the highest common factor of d and v.
16
Let x = 137 - 53. Let f be (10/8)/(0 + 7/x). Calculate the greatest common divisor of f and 45.
15
Suppose -8*u + 21 = -u. Suppose 4*g + 5*i = 38, -u*i = -5*g - 0*i + 66. What is the highest common factor of 132 and g?
12
Suppose -22*t = -21*t + 4*b - 1771, b - 3549 = -2*t. What is the greatest common factor of t and 25?
25
Let p = -208 + 718. Calculate the greatest common divisor of p and 60.
30
Let q be (-790)/158*41*(-2)/10. What is the highest common divisor of 2624 and q?
41
Let k(g) = 51*g + 216. Let y be k(-4). What is the greatest common factor of 204 and y?
12
Suppose -171 = -3*p - 3*g, -g - 9 = 2*g. Calculate the highest common factor of p and 15.
15
Suppose 5*c + 8*j - 250 = 13*j, -150 = -3*c + j. What is the greatest common divisor of 10 and c?
10
Let r = 36 + -36. Let b be -3 + r - (-22 - -1). What is the greatest common divisor of 126 and b?
18
Suppose -52 = -k - 3*u + 59, -4*k - 4*u = -412. What is the greatest common divisor of k and 18?
9
Let h be (-10 - 4)/(1 + -2). Suppose 8*n = 6*n + h. What is the greatest common factor of 1 and n?
1
Suppose -6*j + 10 = -14. Suppose -92 = -2*g - j*r + 130, -576 = -5*g - 3*r. What is the highest common factor of g and 78?
39
Suppose 0 = 5*r - 19 - 206. What is the greatest common factor of 165 and r?
15
Suppose 31*l - 6*l - 2092 = 4283. Let j(p) = p**2 + 2*p. Let a be j(-5). What is the highest common factor of l and a?
15
Let y(j) = j + 14. Let u be y(-16). Let i be (-251)/(-5) + (-9)/(-5) + u. Calculate the highest common divisor of 10 and i.
10
Let a be 4*(1 + 0) - 2. Suppose 0 = -3*k - 5*n + 97, -n - 4*n = -a*k + 73. Calculate the greatest common divisor of 51 and k.
17
Let m = 924 - 913. Suppose 5*s - 169 = 51. Calculate the highest common factor of m and s.
11
Suppose 5*z - 165 = -3*d, -220 = d - 5*d - 2*z. Calculate the greatest common factor of d and 33.
11
Let q be 230 - (-5 - -4) - -3. Suppose 0*w = -3*w + q. Calculate the highest common factor of 13 and w.
13
Let z = 33 + -29. Suppose -z*d - d + 195 = 0. Suppose 120 = -35*x + d*x. Calculate the greatest common factor of 20 and x.
10
Let s = -4 + -3. Let k be (-360)/(-70) + 1/s. Calculate the highest common divisor of k and 15.
5
Suppose -12*u + 3 = -9*u. What is the highest common factor of u and 4?
1
Suppose 5*s - 5*u = 0, -5*s + 3*u = 1 - 5. Let h be s/(-7) + (-2215)/(-35). What is the greatest common factor of 9 and h?
9
Let w be (-3 - -1) + (-28)/(-2). Let g(k) = -8 - 6 + 16*k - k**2 - 1 + 2. Let u be g(w). What is the greatest common factor of u and 7?
7
Let c(b) = b**3 + 5*b**2 - 8*b - 4. Let x be c(-6). Let u = 17 - x. Calculate the greatest common divisor of 36 and u.
9
Let b = -803 + 805. Calculate the greatest common factor of b and 16.
2
Suppose 21 = 3*c + 12. Suppose -q = 4*o - 30, 2*q + 33 = c*q + 5*o. Suppose 53 = 5*z + 8. What is the highest common factor of z and q?
9
Let v(z) = -23*z**3 - 2*z - 2. Let c be v(-1). Suppose -5*m + 4*d + 480 = 0, -45*d + 363 = 4*m - 44*d. Calculate the highest common divisor of m and c.
23
Suppose 15 = -s + 6*s. Suppose 0*r = s*r - 48. Suppose 4 = 4*i - 12. What is the greatest common divisor of r and i?
4
Let y(x) = -2*x**2 + 6*x + 32. Let i be y(5). Calculate the highest common divisor of i and 1668.
12
Suppose 20 = -4*l - 0*l.